 of z?
3, 11
Let l = 456 - 454. Suppose -4*j + 4*h + 61 = -43, 103 = 3*j + l*h. List the prime factors of j.
31
Let q(v) = 7*v + 9. Let n be q(-1). Let o(j) = -24*j**n + 1 + 36*j**2 - 1 + 8 + 2*j. List the prime factors of o(3).
2, 61
Let p = 3 - 1. Let s(l) = -7 + 0*l - 2*l**3 - 5*l**p - 6*l - 1 + l. What are the prime factors of s(-4)?
2, 3, 5
Let m(t) = -10*t + 71. Let y be m(7). Suppose -3*b = k + 3 - y, -4*k - b = -3. What are the prime factors of (-2)/((-411)/(-417) - k)?
139
Let l be ((-46)/(-2))/((-36)/(-216)). Let c = 755 - l. List the prime factors of c.
617
Suppose 18 = -4*m - 30. What are the prime factors of 3*((-1840)/m + 2) - -5?
3, 157
Let p be -62 - (-1)/((-2)/(-4)). Let b(s) = 4*s + 49. Let y be b(-11). List the prime factors of 548/y + (-4)/(p/(-9)).
109
Let s = -2956 - -8601. What are the prime factors of s?
5, 1129
Let f = -527 + 530. Suppose -f*l = 58*k - 63*k + 1773, 4*k - l - 1424 = 0. List the prime factors of k.
3, 7, 17
Suppose -3*x = -21*x + 29448. Let t = x + -719. List the prime factors of t.
7, 131
Suppose -154 = 1083*v - 1084*v. Suppose -1400 + v = -2*z. List the prime factors of z.
7, 89
Let l(t) = t**3 - 5*t**2 + 4*t - 7. Let s be l(5). Suppose 5*z + 30 = -5*w, 0 = z + 2*w - 0 + 7. Let o = s - z. What are the prime factors of o?
2, 3
Let o be -1124*(2 - 11/4). Let z = o - 392. What are the prime factors of z?
11, 41
Let b(r) = 107*r**2 + 2*r - 10. Let s = -338 - -340. List the prime factors of b(s).
2, 211
List the prime factors of ((-3)/(-7) - 7734/14)*138/(-24).
2, 3, 23
Let x be 1*(-1 + 2) + (-153 - -131). What are the prime factors of (52 + -3)*x/(-8 - -5)?
7
Let b(r) = 3150*r - 1559. What are the prime factors of b(7)?
31, 661
Let b be (-170)/(-20) - 3/(-2). Let n(r) = r**3 - 10*r**2 - 10*r - 9. Let d be n(b). Let m = -54 - d. List the prime factors of m.
5, 11
Suppose 8*t - 33 = -3*b + 5*t, -4*b + t + 19 = 0. List the prime factors of b.
2, 3
Let n(c) = 24*c**2 - 49*c - 157. Let v be n(-3). What are the prime factors of v*(1/5)/((-46)/(-805))?
7, 103
Let l(i) = i**2 + 22*i - 50. Let p be l(-24). Let k be p/((-6)/(-8) + (-68)/48). Suppose -k*h - 99 = -d, 203 = 3*d - 3*h - 100. What are the prime factors of d?
2, 3, 17
Suppose -403*n = -411*n + 122952. List the prime factors of n.
3, 47, 109
Let v = 598 - 1615. Let m = v - -1479. List the prime factors of m.
2, 3, 7, 11
Suppose -10*t - 4 = -14*t. Let i be (-11 - (-5 + t))*-1. What are the prime factors of ((-12)/i)/((-4)/70)?
2, 3, 5
Let o be 789/7 + (80/35 - 2). Suppose o = 5*a - 2. Suppose 3*t + a = 2*m, 4*m - 20 - 14 = 2*t. What are the prime factors of m?
7
What are the prime factors of ((-378)/84)/((-27)/12) + 1042?
2, 3, 29
Let q be 40/15 - (-1)/3. Suppose -4*z - 4*g = 30 - 10, q = -g. What are the prime factors of (-1 - 5/z)*2?
3
Let h be ((-24)/(-18))/(-2)*-834. List the prime factors of 31/(-62)*h/(-2).
139
Suppose -5*f + 8 = -12. Suppose 0 = f*k + 3*j - 414, -517 = -5*k - 3*j - j. Suppose 120 = 3*p - k. What are the prime factors of p?
3, 5
Let s be (4 + 2)*(-4 + -25)*-2. What are the prime factors of 2/24 - (-163879)/s?
3, 157
Suppose 0 = -3*g - 5*r - 6563, -718 = g - 5*r + 1483. Let z = g - -3167. What are the prime factors of z?
2, 61
Let m = 1561 - 1092. Suppose -m = -10*y + 2551. What are the prime factors of y?
2, 151
Suppose 4*u + 1 = 9. Suppose -u*k + 4 = 0, 3*o + 0*o - 1092 = -3*k. What are the prime factors of o?
2, 181
Let z be (80/(-50))/(4/(-610)). Let t = z - 86. List the prime factors of t.
2, 79
Let o = -1140 + 1910. Let g = -2 - -7. Suppose g*z - o = -2*z. What are the prime factors of z?
2, 5, 11
Let i = 290 + -286. List the prime factors of 2/(-10)*i - 5764/(-55).
2, 13
Suppose 23 + 1 = b - 5*w, -2*b = 5*w + 12. Suppose -2*h + 73 = -4*t - 39, -188 = -3*h - 4*t. Suppose -h = -b*j + 44. What are the prime factors of j?
2, 13
Let w(q) = 47962*q**3 - 3*q**2 - 4*q + 6. What are the prime factors of w(1)?
3, 73
Let r(w) be the third derivative of w**5/15 - 11*w**4/24 + 7*w**3/6 + 2*w**2. Suppose -344*x + 347*x = 21. What are the prime factors of r(x)?
2, 3, 7
Let b = 69 + -67. Suppose x - 7*t + 2*t = 256, -b*x = -2*t - 536. What are the prime factors of x?
271
Let x(p) = -5*p**2 + 8*p + 4. Let t be x(9). Let a = -133 - t. List the prime factors of a.
2, 7
Let p = -470 + 5624. What are the prime factors of p?
2, 3, 859
Let f(j) = 3*j + 115. Let w be f(-37). Suppose -5*m = 2*o - 721 - 121, -w*m = -4*o + 1656. What are the prime factors of o?
2, 13
Let d = 11845 - 3517. List the prime factors of d.
2, 3, 347
Let i be (2*4/(-12))/((-1)/57). Let p = i - -46. Let y = 146 - p. List the prime factors of y.
2, 31
Let z(y) = y**3 + 21*y**2 - 7*y + 16. Suppose -5*r - 4*j = 96, 63 = -4*r + 4*j - 21. What are the prime factors of z(r)?
2, 139
Let h(g) = 2*g + 8*g - 5*g + 39. Let f(s) = 2*s + 13. Let i be f(-4). What are the prime factors of h(i)?
2
What are the prime factors of (-12)/12 - ((-4)/18 - 382989/27)?
2, 3, 197
Let h(l) = 3*l**2 + 32*l + 82. Suppose -19*t = -145 + 506. What are the prime factors of h(t)?
557
Let z = 5808 - 4947. What are the prime factors of z?
3, 7, 41
Let a = 130 - 125. Suppose 6 = -3*j, a*b + 479 = 5*j + 2974. What are the prime factors of b?
7, 71
Let f be (-60)/140 - (-9)/21. Let y(j) = -j**3 + 4*j**2 - 2*j. Let p be y(3). Suppose 3*r + h - 208 = f, 5*r + 0*r = -p*h + 344. List the prime factors of r.
2, 5, 7
Let w = 427 + -453. Let i(s) = s**3 + 12*s**2 - 15*s + 15. Let n be i(-12). List the prime factors of (n/w)/((-1)/10).
3, 5
Suppose 5*m + 38 + 17 = v, -4*v + 40 = -2*m. Let p be ((-1)/(-6)*-2)/(m/120). Let r(f) = f**2 + 6*f - 17. What are the prime factors of r(p)?
23
List the prime factors of 105/14*90564/18.
5, 7547
What are the prime factors of 311/(((-33)/(-506))/(12/(-16)*-8))?
2, 23, 311
Let d = 28 - 27. Let q be (2 - 3)/d + (91 - -1). Let a = 195 - q. List the prime factors of a.
2, 13
Let x = -96812 + 146884. List the prime factors of x.
2, 11, 569
Let z = -39 - -138. Let x = 2 + z. What are the prime factors of x?
101
Let x(c) = c**3 + 12*c**2 + 7*c - 4. Let f be 5/4*(9 - 13). Let d be 11*1*((-2 - f) + -4). What are the prime factors of x(d)?
2, 5
Let b(m) = 5*m - 2 + 25*m**3 - 178*m**2 + 174*m**2 + 34*m**3. What are the prime factors of b(3)?
2, 5, 157
Let w(a) = 5 - 627*a**3 + a - 11*a + 16*a**2 + 635*a**3. List the prime factors of w(5).
5, 271
Let h be (-16)/(-6) + 4/12. Let l(k) = 7*k + 0 - 8*k**h + 1 + 4*k**2 - 2*k + 3. List the prime factors of l(-2).
2, 37
What are the prime factors of (100/8)/((6/(-764))/(-3))?
5, 191
List the prime factors of -3 + (-2 - (-20041 - 10)) + 7.
11, 1823
Let p be -3501*(-5)/75*-5 + 1. Let w = 1929 + p. What are the prime factors of w?
7, 109
Let l(r) = 1. Let f(s) = -3*s + 6. Let q(i) = -f(i) + 6*l(i). Let g(u) = 2*u - 1. Let m(x) = 2*g(x) - 3*q(x). What are the prime factors of m(-14)?
2, 17
Suppose 3*v + c = 212796 + 15925, -3*v - 4*c = -228715. List the prime factors of v.
11, 29, 239
Suppose -u - 33 = -3*x + 2*u, -31 = -x - 4*u. Suppose x*m - 30758 = -11*m. What are the prime factors of m?
7, 13
Suppose -15*j + 3347 = 362. Suppose -328 = 3*t - 4*s + 11, 2*s = -2*t - 226. Let g = t + j. List the prime factors of g.
2, 43
Let w be (-3)/(-4 + 5/2). Let o be (7 + w)/(2/20). Suppose 0 = -5*d + 20, -j - j = d - o. List the prime factors of j.
43
Let s = -534 - -539. List the prime factors of (1/3)/(s/(-75)) + 99.
2, 47
Let l = -2 + 5. Let h(k) = -k**2 - k - 1. Let o(r) = 6*r**2 + 3*r - 7. Let c(j) = 2*h(j) + o(j). List the prime factors of c(l).
2, 3, 5
Suppose -2*a - 3*a - 5*b + 69600 = 0, 5*a + 2*b = 69588. List the prime factors of a.
2, 7, 71
Let m = 686 - 397. What are the prime factors of m - (33/(-15) - 1/(-5))?
3, 97
Let s be (-3)/(24/(-5494)) + (-16)/(-64). Let v = s + -379. List the prime factors of v.
2, 7, 11
Let p = 89 - 86. Suppose -3*n + 5*n - 89 = -p*r, -3*r = 4*n - 175. List the prime factors of n.
43
Suppose 2*o + 429*p - 53248 = 433*p, -4*o + 2*p + 106448 = 0. List the prime factors of o.
2, 1663
Let y(f) = 622*f**2 - 17*f + 48. What are the prime factors of y(4)?
2, 13, 191
Let b(a) = -a**2 - 12*a - 13. Suppose -18 - 99 = 13*h. What are the prime factors of b(h)?
2, 7
Let q(z) = -15*z + 1. Let v = -45 + 44. Let d be q(v). Suppose -d*y = -21*